inder when q is divided by y.
1
Suppose 49 = 3*u - 98. Suppose 3*n - 142 = 5*p, 2*n = n + 2*p + u. Calculate the remainder when n is divided by 23.
16
Let p(y) = -y**2 - 7*y. Let g(z) = -6*z**2. Let t be g(-1). Let s be p(t). Suppose -2*r - 56 = -s*r. Calculate the remainder when 40 is divided by r.
12
Suppose -2*m = -0*m - 38. Suppose -63 = -4*c - 2*l - 7, 5*l + 28 = 2*c. Suppose -c = -q + 41. Calculate the remainder when q is divided by m.
17
Let w(o) be the second derivative of -o**3/3 + 13*o**2/2 + 9*o. What is the remainder when w(3) is divided by 7?
0
Let c(p) = 4*p - 93. Let y(r) = -r + 31. Let s(d) = 4*c(d) + 11*y(d). Calculate the remainder when 66 is divided by s(9).
10
Suppose 3*p + 1 = -2, 4*p + 22 = -2*m. Let h(f) = -f**3 - 8*f**2 + 5*f - 19. What is the remainder when 66 is divided by h(m)?
15
Let t = 21 + -19. Suppose t*f - 3 = f. What is the remainder when 3 is divided by f?
0
What is the remainder when 34 is divided by ((-26)/(-6))/(3*(-3)/(-27))?
8
Suppose -2*f + 100 = 3*f. Suppose j + 3*z + 2*z - 9 = 0, 4*j - 2*z = 58. Suppose -4*h - j + 226 = 0. What is the remainder when h is divided by f?
13
Suppose -n - 227 = -3*z, n - 12 = 2*z - 163. What is the remainder when z is divided by 46?
30
Suppose 13 + 75 = 4*l. Suppose -o - l = -3*o. Let p = 0 + o. Calculate the remainder when p is divided by 6.
5
Suppose -8*i = 4*v - 5*i - 75, -v + 30 = -3*i. What is the remainder when 55 is divided by v?
13
Let u = -168 + 119. Let p(d) = -d**3 - 10*d**2 - 5*d + 5. Let n be p(-7). Let s = u - n. What is the remainder when s is divided by 20?
18
Suppose c - 112 = -3*c. What is the remainder when c is divided by (-4 - 24/(-7))/((-18)/315)?
8
Let r(u) = -u**3 - 3*u**2 - 4*u - 18. Calculate the remainder when 55 is divided by r(-4).
13
Let c(u) = 5*u**2 - 13*u - 183. What is the remainder when c(-7) is divided by 134?
19
Let j be (170/3)/(8*(-9)/(-108)). Suppose -75 = -3*d - 2*g, j = 3*d - g + 19. Let l(f) = 12*f + 7. Calculate the remainder when l(5) is divided by d.
21
Suppose 0 = -5*c - 18 - 7, 23 = k - 3*c. Suppose k*n - 322 = n. Let t = n - 24. What is the remainder when t is divided by 6?
4
Suppose -37554 = 30*t - 63*t. Calculate the remainder when t is divided by 67.
66
Let j = -89 - -42. Let b = j + 206. What is the remainder when b is divided by 32?
31
Suppose -8 = -3*y + g, 4*g + 4 = 3*y - 5*y. What is the remainder when (-25)/5*(-22)/y is divided by 14?
13
Let i(c) = 4 - c**3 - 5 - 8*c + 7*c + 5*c**2. Suppose 20*q - 104 = 16*q. What is the remainder when q is divided by i(2)?
8
Let k(l) = -2*l**2 + l**2 - 4*l + l**2 - 2*l**2. Let i be k(-3). Let s = 0 - i. What is the remainder when s is divided by 2?
0
Let a(f) = f**2 + 4*f + 5. What is the remainder when 44 - 3 - (84/(-12) - 1) is divided by a(-6)?
15
Let p(o) = -2*o**3 - 3*o**2 - 3*o - 4. Let s = -364 - -374. Calculate the remainder when p(-4) is divided by s.
8
Let p(q) = -q**2 - 2*q - 5. Let o be p(6). Let b = -25 - o. What is the remainder when b is divided by -4*25/(-20)*2?
8
Suppose 19*r = 14*r + 750. Let f = r + -135. What is the remainder when f is divided by 9?
6
Let x = -379 - -386. Calculate the remainder when 22 is divided by x.
1
Suppose -r + 118 = b, 5*r + 2*b - 77 = 519. What is the remainder when r is divided by 61?
59
Let c be 1*(-1)/(1/(-29)). Suppose -w - c = -139. Suppose h - t - 22 = -6*t, -5*h + 3*t + w = 0. What is the remainder when 63 is divided by h?
19
Let l(d) = -12*d + 14. Let r(h) = h**2 + 11*h - 29. Calculate the remainder when l(-6) is divided by r(-14).
8
Suppose 0 = 4*k - w - 633, 0 = -15*k + 18*k + 2*w - 472. What is the remainder when k is divided by 35?
18
Suppose -f + 541 + 743 = 4*d, -d + 336 = 4*f. Calculate the remainder when d is divided by 46.
44
Suppose 0 = -k - 4*g + 51, 5*k - 103 = 2*k - 2*g. Suppose l + 5*c - k = 0, -57 - 29 = -2*l - 2*c. What is the remainder when l is divided by 18?
10
Suppose -7*h = -755 + 167. What is the remainder when h is divided by 46?
38
Suppose d - 23 = b, 2*b = d - 34 - 8. Let v = 23 + b. Calculate the remainder when 26 is divided by v.
2
Suppose 41 = 4*t - d - 16, d = -4*t + 63. Let v(g) = g + 17. Let h be v(-9). What is the remainder when t is divided by ((-3)/9)/(h/(-216))?
6
Suppose 2*r + 2*r + 2*l - 56 = 0, -6 = -3*l. Calculate the remainder when 76 is divided by r.
11
Calculate the remainder when 1/9 + (312018/54)/17 is divided by 88.
76
Suppose 399 = 10*w - 271. Calculate the remainder when 535 is divided by w.
66
What is the remainder when 177 is divided by ((-1)/2)/(219/(-72) + 3)?
9
Suppose q - 18 = -v + 8, 3*q + 2*v = 73. What is the remainder when 89 is divided by q?
5
Suppose 3*p - 10*p = -98. Let d = p + 37. Calculate the remainder when d is divided by 26.
25
Let k = -293 - -322. Suppose -2*j = 3*f - 42, -f - f + k = j. Suppose 0*x = -5*x + 45. Calculate the remainder when f is divided by x.
7
Let c = 50 - 14. What is the remainder when c is divided by 8?
4
Suppose -4*g + 275 = i + 2*i, 0 = 3*g - 4*i - 225. Let u(p) = p**3 - 27*p - 42. Calculate the remainder when g is divided by u(-3).
11
Let h(t) = t**3 - 3*t**2 + 12. What is the remainder when h(5) is divided by 13?
10
Let h = -185 + 85. Let w = h - -159. Calculate the remainder when w is divided by 15.
14
Suppose -27*q + 1184 - 995 = 0. Let s(d) = 37*d**2 + 2*d + 1. What is the remainder when s(-1) is divided by q?
1
Let c be -32 + (-3 - (-4)/4). Let f = 80 + c. What is the remainder when f/4 - (-3)/6 is divided by 3?
0
Let p be 1 - 0 - (-212)/(-2). Let a = p + 150. What is the remainder when (-2620)/(-36) - (-10)/a is divided by 15?
13
What is the remainder when (1/(-2))/((-1)/62) is divided by (-6)/8 + (-510)/(-40)?
7
Let m(h) = 4*h + 3. What is the remainder when ((-10)/(-105))/((-2)/(-14))*84 is divided by m(4)?
18
Let t = 103 - 65. Suppose 3*x + 43 = 2*v, -2*v - x + t = -3*x. Let h = 14 - 9. What is the remainder when v is divided by h?
4
Let c be 1244/(-10) - (3 + (-24)/10). Let l = c - -150. Calculate the remainder when 98 is divided by l.
23
Let w(m) = 2*m**2 - 3*m + 11. What is the remainder when 36 is divided by w(0)?
3
Let i = 27 + -23. Let d be (i - 0 - 3) + -19. Let y = d - -33. Calculate the remainder when 44 is divided by y.
14
Suppose -3*m + 16 = m. Suppose m*r = 10 + 42. What is the remainder when 38 is divided by r?
12
Calculate the remainder when 215 is divided by -5 - -35 - (0 + 1)*3.
26
Let y = -130 - -151. Let a = -82 - -164. What is the remainder when a is divided by y?
19
Suppose -4*j - 408 = -4*u, -507 = -5*u - 3*j + 7*j. Let q(l) = l + 34. What is the remainder when u is divided by q(0)?
31
Suppose -4*m - 4*z = -124, 2*z - 5 + 83 = 3*m. What is the remainder when 95 is divided by m?
11
Suppose -5*y = -5*v + 1905 - 25, 0 = -v - 4*y + 351. What is the remainder when v is divided by 47?
42
Suppose 43*n - 39*n = 252. What is the remainder when 313 is divided by n?
61
Let a = 16 - 16. What is the remainder when 4 + (-22)/(a + -1) is divided by 6?
2
Let a(d) = d**3 + 5*d**2 - 8*d - 14. Let n be a(-6). Let s(t) = 16*t + 7. Let w be s(n). Calculate the remainder when 7 is divided by 4/(-10) - 85/w.
1
Suppose 0 = -j + 3*j - 4*y - 40, -4*j = -2*y - 98. Suppose -f = -c + 13, -3*c = 4*f + 57 + 9. Let b = f + j. Calculate the remainder when 43 is divided by b.
10
Let x(z) = 19*z**3 - z**2. Let h be (4/3)/(14/21). Suppose -3 = -h*u - 1. What is the remainder when 68 is divided by x(u)?
14
Let f be -1 + 1 - -2*1. Let d = 54 - f. Calculate the remainder when d is divided by 1*8/(-20)*-45.
16
Let p be ((-14)/(-4))/7*-6. Let u(f) = f**3 + 2*f**2 - 3*f + 2. Let z be u(p). What is the remainder when 20 is divided by 1*(z - (-3 - 2))?
6
Suppose 0*j - 181 = -3*j + n, 3*n = 5*j - 307. What is the remainder when j is divided by 56?
3
Suppose -2*s + 4 = 3*q - 4*q, 2*s - 4*q = 10. Suppose g = 3*x - 12, 3*g + 29 = 5*x + 9. Calculate the remainder when x is divided by s.
0
Let o(d) = 83*d. Calculate the remainder when o(2) is divided by (5 - 3)*(26 + -14).
22
Let b = -444 - -573. What is the remainder when b is divided by 44?
41
Suppose -l = 3*l - 96. Suppose -3 = -8*s + 37. Suppose 0 = -2*n - 0*k - s*k + 43, -5*n - 2*k + 55 = 0. What is the remainder when l is divided by n?
6
Suppose 3*s - 3*f = -2*f + 229, -5*s = 4*f - 376. Calculate th